{"id":1721,"date":"2021-05-24T08:35:58","date_gmt":"2021-05-24T08:35:58","guid":{"rendered":"https:\/\/www.terapiacpap.pt\/producto\/airfit-f30i\/"},"modified":"2025-05-14T07:23:32","modified_gmt":"2025-05-14T07:23:32","slug":"airfit-f30i","status":"publish","type":"product","link":"https:\/\/www.terapiacpap.pt\/en\/producto\/airfit-f30i\/","title":{"rendered":"AirFit F30i, ResMed CPAP mask"},"content":{"rendered":"<p><span style=\"font-weight: 400;\">The Airfit F30i CPAP mask allows you to keep the air tubes above your head, allowing you to sleep in any position. It is fitted quickly and allows a wide field of vision, without discomfort on the nasal bridge.<\/span><\/p>\n<p><span style=\"font-weight: 400;\">The Airfit F30i CPAP therapy mask is designed to offer greater freedom of movement so you can sleep in your desired position.<\/span><\/p>\n<p><span style=\"font-weight: 400;\">\u00a0It is a very comfortable minimal contact face mask. The air tube connects above your head, keeping it out of the way and allowing for greater mobility. The face mask has an ultra-compact cushion under the nose to help prevent skin irritation and red marks.<\/span><\/p>\n<p><span style=\"font-weight: 400;\">\u00a0This model is a favourite with CPAP machine users and sleep professionals for its functionality and comfort. The Airfit F30i mask fits to the face with two simple magnetic clasps.<\/span><\/p>\n<p><span style=\"font-weight: 400;\">\u00a0At the top is a quick-release elbow that allows you to disconnect from the CPAP machine without removing the mask, should you need to get up during the night.<\/span><\/p>\n<p><span style=\"font-weight: 400;\">\u00a0It is available in three sizes: S (small frame), M and W (STD or standard frame).<\/span><\/p>\n","protected":false},"excerpt":{"rendered":"<ul>\n<li style=\"font-weight: 400;\" aria-level=\"1\"><span style=\"font-weight: 400;\">Minimal Contact Face Mask<\/span><\/li>\n<li style=\"font-weight: 400;\" aria-level=\"1\"><span style=\"font-weight: 400;\">The air tube is above the head, offering to sleep in the position you want<\/span><\/li>\n<li style=\"font-weight: 400;\" aria-level=\"1\"><span style=\"font-weight: 400;\">Quick and easy placement thanks to its two magnetic closures<\/span><\/li>\n<li style=\"font-weight: 400;\" aria-level=\"1\"><span style=\"font-weight: 400;\">Does not cause discomfort on the bridge of the nose<\/span><\/li>\n<\/ul>\n","protected":false},"featured_media":1481,"comment_status":"open","ping_status":"closed","template":"","meta":{"_acf_changed":false},"product_brand":[],"product_cat":[57,58],"product_tag":[53],"class_list":{"0":"post-1721","1":"product","2":"type-product","3":"status-publish","4":"has-post-thumbnail","6":"product_cat-masks","7":"product_cat-face-masks","8":"product_tag-resmed-en","10":"first","11":"instock","12":"shipping-taxable","13":"purchasable","14":"product-type-variable","15":"has-default-attributes"},"acf":[],"yoast_head":"<!-- This site is optimized with the Yoast SEO plugin v27.0 - https:\/\/yoast.com\/product\/yoast-seo-wordpress\/ -->\n<title>M\u00e1scara facial AirFit F30i - Terapia CPAP Portugal<\/title>\n<meta name=\"description\" content=\"A m\u00e1scara facial mais confort\u00e1vel e minimalista. A conex\u00e3o de 360\u00b0 do tubo superior permite que voc\u00ea durma em qualquer posi\u00e7\u00e3o.\" \/>\n<meta name=\"robots\" content=\"index, follow, max-snippet:-1, max-image-preview:large, max-video-preview:-1\" \/>\n<link rel=\"canonical\" href=\"https:\/\/www.terapiacpap.pt\/en\/producto\/airfit-f30i\/\" \/>\n<meta property=\"og:locale\" content=\"en_US\" \/>\n<meta property=\"og:type\" content=\"article\" \/>\n<meta property=\"og:title\" content=\"M\u00e1scara facial AirFit F30i - Terapia CPAP Portugal\" \/>\n<meta property=\"og:description\" content=\"A m\u00e1scara facial mais confort\u00e1vel e minimalista. A conex\u00e3o de 360\u00b0 do tubo superior permite que voc\u00ea durma em qualquer posi\u00e7\u00e3o.\" \/>\n<meta property=\"og:url\" content=\"https:\/\/www.terapiacpap.pt\/en\/producto\/airfit-f30i\/\" \/>\n<meta property=\"og:site_name\" content=\"Terapia CPAP Portugal\" \/>\n<meta property=\"article:publisher\" content=\"https:\/\/www.facebook.com\/p\/Terapiacpap-Portugal-100063919488136\/\" \/>\n<meta property=\"article:modified_time\" content=\"2025-05-14T07:23:32+00:00\" \/>\n<meta property=\"og:image\" content=\"https:\/\/www.terapiacpap.pt\/wp-content\/uploads\/2021\/05\/f30i-side.png\" \/>\n\t<meta property=\"og:image:width\" content=\"500\" \/>\n\t<meta property=\"og:image:height\" content=\"500\" \/>\n\t<meta property=\"og:image:type\" content=\"image\/png\" \/>\n<meta name=\"twitter:card\" content=\"summary_large_image\" \/>\n<meta name=\"twitter:label1\" content=\"Est. reading time\" \/>\n\t<meta name=\"twitter:data1\" content=\"1 minute\" \/>\n<!-- \/ Yoast SEO plugin. -->","yoast_head_json":{"title":"M\u00e1scara facial AirFit F30i - Terapia CPAP Portugal","description":"A m\u00e1scara facial mais confort\u00e1vel e minimalista. A conex\u00e3o de 360\u00b0 do tubo superior permite que voc\u00ea durma em qualquer posi\u00e7\u00e3o.","robots":{"index":"index","follow":"follow","max-snippet":"max-snippet:-1","max-image-preview":"max-image-preview:large","max-video-preview":"max-video-preview:-1"},"canonical":"https:\/\/www.terapiacpap.pt\/en\/producto\/airfit-f30i\/","og_locale":"en_US","og_type":"article","og_title":"M\u00e1scara facial AirFit F30i - Terapia CPAP Portugal","og_description":"A m\u00e1scara facial mais confort\u00e1vel e minimalista. A conex\u00e3o de 360\u00b0 do tubo superior permite que voc\u00ea durma em qualquer posi\u00e7\u00e3o.","og_url":"https:\/\/www.terapiacpap.pt\/en\/producto\/airfit-f30i\/","og_site_name":"Terapia CPAP Portugal","article_publisher":"https:\/\/www.facebook.com\/p\/Terapiacpap-Portugal-100063919488136\/","article_modified_time":"2025-05-14T07:23:32+00:00","og_image":[{"width":500,"height":500,"url":"https:\/\/www.terapiacpap.pt\/wp-content\/uploads\/2021\/05\/f30i-side.png","type":"image\/png"}],"twitter_card":"summary_large_image","twitter_misc":{"Est. reading time":"1 minute"},"schema":{"@context":"https:\/\/schema.org","@graph":[{"@type":"WebPage","@id":"https:\/\/www.terapiacpap.pt\/en\/producto\/airfit-f30i\/","url":"https:\/\/www.terapiacpap.pt\/en\/producto\/airfit-f30i\/","name":"M\u00e1scara facial AirFit F30i - Terapia CPAP Portugal","isPartOf":{"@id":"https:\/\/www.terapiacpap.pt\/#website"},"primaryImageOfPage":{"@id":"https:\/\/www.terapiacpap.pt\/en\/producto\/airfit-f30i\/#primaryimage"},"image":{"@id":"https:\/\/www.terapiacpap.pt\/en\/producto\/airfit-f30i\/#primaryimage"},"thumbnailUrl":"https:\/\/www.terapiacpap.pt\/wp-content\/uploads\/2021\/05\/f30i-side.png","datePublished":"2021-05-24T08:35:58+00:00","dateModified":"2025-05-14T07:23:32+00:00","description":"A m\u00e1scara facial mais confort\u00e1vel e minimalista. A conex\u00e3o de 360\u00b0 do tubo superior permite que voc\u00ea durma em qualquer posi\u00e7\u00e3o.","breadcrumb":{"@id":"https:\/\/www.terapiacpap.pt\/en\/producto\/airfit-f30i\/#breadcrumb"},"inLanguage":"en-US","potentialAction":[{"@type":"ReadAction","target":["https:\/\/www.terapiacpap.pt\/en\/producto\/airfit-f30i\/"]}]},{"@type":"ImageObject","inLanguage":"en-US","@id":"https:\/\/www.terapiacpap.pt\/en\/producto\/airfit-f30i\/#primaryimage","url":"https:\/\/www.terapiacpap.pt\/wp-content\/uploads\/2021\/05\/f30i-side.png","contentUrl":"https:\/\/www.terapiacpap.pt\/wp-content\/uploads\/2021\/05\/f30i-side.png","width":500,"height":500},{"@type":"BreadcrumbList","@id":"https:\/\/www.terapiacpap.pt\/en\/producto\/airfit-f30i\/#breadcrumb","itemListElement":[{"@type":"ListItem","position":1,"name":"In\u00edcio","item":"https:\/\/www.terapiacpap.pt\/en\/"},{"@type":"ListItem","position":2,"name":"SHOP","item":"https:\/\/www.terapiacpap.pt\/en\/loja\/"},{"@type":"ListItem","position":3,"name":"Sleep apnea","item":"https:\/\/www.terapiacpap.pt\/en\/categoria-producto\/sleep-apnea\/"},{"@type":"ListItem","position":4,"name":"Masks","item":"https:\/\/www.terapiacpap.pt\/en\/categoria-producto\/sleep-apnea\/masks\/"},{"@type":"ListItem","position":5,"name":"Facial Masks","item":"https:\/\/www.terapiacpap.pt\/en\/categoria-producto\/sleep-apnea\/masks\/face-masks\/"},{"@type":"ListItem","position":6,"name":"AirFit F30i, ResMed CPAP mask"}]},{"@type":"WebSite","@id":"https:\/\/www.terapiacpap.pt\/#website","url":"https:\/\/www.terapiacpap.pt\/","name":"TerapiaCPAP Portugal","description":"Tratamiento de Apnea do sono Portugal","publisher":{"@id":"https:\/\/www.terapiacpap.pt\/#organization"},"alternateName":"TerapiaCPAP Portugal","potentialAction":[{"@type":"SearchAction","target":{"@type":"EntryPoint","urlTemplate":"https:\/\/www.terapiacpap.pt\/?s={search_term_string}"},"query-input":{"@type":"PropertyValueSpecification","valueRequired":true,"valueName":"search_term_string"}}],"inLanguage":"en-US"},{"@type":"Organization","@id":"https:\/\/www.terapiacpap.pt\/#organization","name":"TerapiaCPAP Portugal","alternateName":"TerapiaCPAP Portugal","url":"https:\/\/www.terapiacpap.pt\/","logo":{"@type":"ImageObject","inLanguage":"en-US","@id":"https:\/\/www.terapiacpap.pt\/#\/schema\/logo\/image\/","url":"https:\/\/www.terapiacpap.pt\/wp-content\/uploads\/2021\/03\/logo-TERAPIACPAP.png","contentUrl":"https:\/\/www.terapiacpap.pt\/wp-content\/uploads\/2021\/03\/logo-TERAPIACPAP.png","width":1734,"height":521,"caption":"TerapiaCPAP Portugal"},"image":{"@id":"https:\/\/www.terapiacpap.pt\/#\/schema\/logo\/image\/"},"sameAs":["https:\/\/www.facebook.com\/p\/Terapiacpap-Portugal-100063919488136\/","https:\/\/www.instagram.com\/terapiacpap.pt\/"]}]}},"_links":{"self":[{"href":"https:\/\/www.terapiacpap.pt\/en\/wp-json\/wp\/v2\/product\/1721","targetHints":{"allow":["GET"]}}],"collection":[{"href":"https:\/\/www.terapiacpap.pt\/en\/wp-json\/wp\/v2\/product"}],"about":[{"href":"https:\/\/www.terapiacpap.pt\/en\/wp-json\/wp\/v2\/types\/product"}],"replies":[{"embeddable":true,"href":"https:\/\/www.terapiacpap.pt\/en\/wp-json\/wp\/v2\/comments?post=1721"}],"wp:featuredmedia":[{"embeddable":true,"href":"https:\/\/www.terapiacpap.pt\/en\/wp-json\/wp\/v2\/media\/1481"}],"wp:attachment":[{"href":"https:\/\/www.terapiacpap.pt\/en\/wp-json\/wp\/v2\/media?parent=1721"}],"wp:term":[{"taxonomy":"product_brand","embeddable":true,"href":"https:\/\/www.terapiacpap.pt\/en\/wp-json\/wp\/v2\/product_brand?post=1721"},{"taxonomy":"product_cat","embeddable":true,"href":"https:\/\/www.terapiacpap.pt\/en\/wp-json\/wp\/v2\/product_cat?post=1721"},{"taxonomy":"product_tag","embeddable":true,"href":"https:\/\/www.terapiacpap.pt\/en\/wp-json\/wp\/v2\/product_tag?post=1721"}],"curies":[{"name":"wp","href":"https:\/\/api.w.org\/{rel}","templated":true}]}}

<!-- This site is optimized with the Yoast SEO plugin v27.0 - https://yoast.com/product/yoast-seo-wordpress/ -->
<title>Máscara facial AirFit F30i - Terapia CPAP Portugal</title>
<meta name="description" content="A máscara facial mais confortável e minimalista. A conexão de 360° do tubo superior permite que você durma em qualquer posição." />
<meta name="robots" content="index, follow, max-snippet:-1, max-image-preview:large, max-video-preview:-1" />
<link rel="canonical" href="https://www.terapiacpap.pt/en/producto/airfit-f30i/" />
<meta property="og:locale" content="en_US" />
<meta property="og:type" content="article" />
<meta property="og:title" content="Máscara facial AirFit F30i - Terapia CPAP Portugal" />
<meta property="og:description" content="A máscara facial mais confortável e minimalista. A conexão de 360° do tubo superior permite que você durma em qualquer posição." />
<meta property="og:url" content="https://www.terapiacpap.pt/en/producto/airfit-f30i/" />
<meta property="og:site_name" content="Terapia CPAP Portugal" />
<meta property="article:publisher" content="https://www.facebook.com/p/Terapiacpap-Portugal-100063919488136/" />
<meta property="article:modified_time" content="2025-05-14T07:23:32+00:00" />
<meta property="og:image" content="https://www.terapiacpap.pt/wp-content/uploads/2021/05/f30i-side.png" />
	<meta property="og:image:width" content="500" />
	<meta property="og:image:height" content="500" />
	<meta property="og:image:type" content="image/png" />
<meta name="twitter:card" content="summary_large_image" />
<meta name="twitter:label1" content="Est. reading time" />
	<meta name="twitter:data1" content="1 minute" />
<!-- / Yoast SEO plugin. -->

Máscara facial AirFit F30i - Terapia CPAP Portugal

A máscara facial mais confortável e minimalista. A conexão de 360° do tubo superior permite que você durma em qualquer posição.

Início
